Let l = 46 + -33. Calculate the remainder when 7/((-42)/(-216)) - g is divided by l.
11
Let p(c) = -14*c**2 - 22*c + 20. Let n be p(-6). Let j = n + 368. What is the remainder when 318 is divided by j?
14
Suppose 14547 = 60*d - 1833. Calculate the remainder when d is divided by 73.
54
Let y be ((-12)/(-9) + -2)*(-6)/(-4). Suppose -135 = -8*d + 7*d. Calculate the remainder when d is divided by 3/(y - -2) + 20.
20
Let v(n) = -183*n + 13645. Calculate the remainder when 603 is divided by v(74).
88
Let c = -99 + 102. Suppose 0 = -5*v + 2*d + 138, -c*v + 5*d = -14 - 65. Calculate the remainder when 305 is divided by v.
25
Let m = -19748 - -19773. What is the remainder when 7198 is divided by m?
23
Let w = 276 + -268. Calculate the remainder when 89 is divided by (-14 + 32)*w/3.
41
Suppose -4*y + 12 = 0, 2*z - 6*y - 11 = -5*y. Suppose 0 = -z*a + 4524 + 355. Calculate the remainder when a is divided by 28.
25
Let r be (5 + 52/(-12))*30. What is the remainder when -75*8/48*r/(-2) is divided by 8?
5
Let t = -56 - -113. Let a = t + -16. Let v(u) = -8*u - 3. Calculate the remainder when a is divided by v(-3).
20
Let b = 282 + -292. Calculate the remainder when 45 is divided by ((-30)/25)/1*b.
9
Let c(s) = 8*s - 5. Let q be c(2). Suppose 4*o + 81 = 3*a, -3*o = a + o - q. Calculate the remainder when 43 is divided by a.
20
Suppose -8*q - 828 = -31*q + 23. What is the remainder when 144 is divided by q?
33
Suppose -27*r + 447 = 56*r - 964. Suppose 2*t = -3 + 27. What is the remainder when r is divided by t?
5
Suppose 0 = 3*b + 3, -x - 2*b = -7*b - 41. Let p(t) = 1 + 6*t - 4*t - t + 5*t. Calculate the remainder when x is divided by p(2).
10
What is the remainder when 8761 is divided by 1100/156 + (-148)/2886?
4
Suppose 0 = -p + 5*p + 3*f - 129, 3*p = f + 100. Let q = -16 + p. Suppose 3*m = -o + 50 - q, -o = -2*m + 27. Calculate the remainder when 47 is divided by m.
11
Let k(h) = h**3 - 8*h**2 - 54*h - 5. Calculate the remainder when k(-3) is divided by (((-8)/6)/2)/((-10)/555).
21
Suppose -24*a + 448 = -16*a. Suppose 46*q = a*q - 480. Calculate the remainder when q is divided by 13.
9
Let t(i) = 2*i**3 + 62*i**2 + 368*i + 20. What is the remainder when 1197 is divided by t(-23)?
17
Let p = 6997 - 6995. Calculate the remainder when 214 is divided by p.
0
Let n = -247 - -448. Suppose 0 = 2*p + 14*p - 1952. Suppose 4*m = p + 42. What is the remainder when n is divided by m?
37
Suppose 11*i - 173 = 10*i + 5*r, -865 = -5*i - r. Calculate the remainder when i is divided by 88.
85
Let i = -6404 + 6530. What is the remainder when 1789 is divided by i?
25
Let j(d) = 2*d**2 + 2*d + 1. Let n be 0*(0 - 1) - 2. Let g(v) = -v**2 + 68*v + 214. Calculate the remainder when j(n) is divided by g(71).
0
Let a(b) = 8*b**2 + 11*b - 31. Let v = -45 + 48. Calculate the remainder when 369 is divided by a(v).
73
Suppose 89*m - 71162 = -72*m. Calculate the remainder when m is divided by 5.
2
Let n = 29 - 17. Let z(l) = -l**3 - 5*l**2 - 13*l + 2. Calculate the remainder when n is divided by z(0).
0
Let u = 25509 + -25450. Calculate the remainder when 208 is divided by u.
31
Let s = 113 - 99. Suppose 11 = -13*c + s*c. Let z = -9 - -25. Calculate the remainder when z is divided by c.
5
Let f be 542/((-5)/((-5)/(-2))). Let k = f + 295. Calculate the remainder when 111 is divided by k.
15
Let d(j) = 5*j - 37. Let f be d(7). Let w be 9*(10/15 + f). Let k = -1 - w. Calculate the remainder when 40 is divided by k.
7
Let v(f) = -3*f**3 - 11*f**2 - 27*f - 87. What is the remainder when ((-17)/8*-2)/((-1)/(-52)) is divided by v(-4)?
36
Suppose 0 = -101*k + 5*k + 1456 + 656. Suppose -2 = -4*j - 10, 2*h = 5*j + 14. Suppose 0*t = h*t - 172. Calculate the remainder when t is divided by k.
20
Suppose -20*c + 234 = 5*h - 18*c, h = -5*c + 33. What is the remainder when 50 is divided by h?
2
Let m be 447 + 4/(4 - (4 + -1)). Suppose -5*h + 27 - 2 = 0. Suppose 4*c + d - m = 0, c + h*d + 433 = 5*c. Calculate the remainder when c is divided by 39.
34
Let u(x) = x**2 + x + 1. Let k be u(2). Suppose -47 = -4*h - v + 97, 4*h = 5*v + 168. What is the remainder when (110/(-6))/(k/(-42)) is divided by h?
36
Suppose 0 = -2*m - 0 + 10. Suppose m*v - 331 = 9. Suppose 32*h = 28*h + v. Calculate the remainder when 65 is divided by h.
14
Let c(q) = q**2 + 13*q + 26. Let f(r) = 5*r**2 + 67*r + 131. Let z(p) = 11*c(p) - 2*f(p). Calculate the remainder when 8 is divided by z(-5).
0
Suppose 3*j - 164 = -t, 4*j - 333 = -2*t + 3*j. Let h = -746 - -759. What is the remainder when t is divided by h?
11
Suppose 180 = 12*m - 72. Let h(a) = a**3 + 9*a**2 - 9*a + 9. Let t be h(-10). Calculate the remainder when m is divided by (-3 - (t + 0))/((-10)/40).
5
Suppose -15*q + 1723 + 34737 = 1450. What is the remainder when q is divided by 7?
3
Suppose -68 = 8*u - 10*u. Let w = u + -31. Suppose -6*s + 20 = -2*s, -w*n + 488 = -2*s. What is the remainder when n is divided by 42?
40
Suppose c + 3*b - 13 = 0, -4*c = -10*b - 326 + 120. Suppose -p - 4*p + 95 = 0. What is the remainder when c is divided by p?
15
Suppose -13*l - 1032 = -3944. Suppose -l = 29*r - 43*r. Let z = -83 + 153. What is the remainder when z is divided by r?
6
Let t(s) = 10*s**3 + 0*s + 1 - 19*s**3 + s**2 + 3*s - 19*s**3. What is the remainder when t(-1) is divided by 4?
3
Let x be (4/3 + -1)/((-27)/(-405)). Suppose 3*j = -4*m + 4*j + 32, 4*j = x*m - 40. Suppose -116 = m*w - 12*w. What is the remainder when 173 is divided by w?
28
Suppose 2*f - 25 = -u, -3*u - 5*f = -16 - 56. Suppose 3*p + 6 = 2*p. Let q = 16 + p. What is the remainder when u is divided by q?
9
Let n(d) = d**3 - 7*d**2 + 7*d + 6. Let h be n(6). Let o(w) = -8 + 7*w - 11*w**2 - w**3 + h*w + 2*w**3. What is the remainder when o(10) is divided by 28?
26
Suppose 3*c = -2*f - 87 + 153, -c = 3*f - 99. What is the remainder when 6/(-2) + (-1 - -48) is divided by f?
11
Suppose -5*c + 5 = 0, 0 = -2*h + h + 5*c + 625. What is the remainder when h is divided by 181?
87
Let j = -137 - -172. Let c be (-10)/j + 1604/28. Suppose -c*v - 42 = -60*v. What is the remainder when 41 is divided by v?
13
Let l = -693 - -751. Calculate the remainder when 5675 is divided by l.
49
Let v be ((-6)/2)/(11 + -10) - -3. Suppose 4*o = -4*l - v*l + 60, -4*o = -l - 40. Let h(u) = 41*u**2 - u + 1. Calculate the remainder when h(1) is divided by o.
8
Suppose -1 + 11 = -2*j + 4*m, -3 = 3*j - 3*m. Suppose -4*t - 14 = -3*w, j*t + 2*t + 15 = 5*w. Calculate the remainder when 62 is divided by (312/(-16))/(3/w).
10
Suppose 7*x = -27*x - 3*x + 21275. Calculate the remainder when x is divided by 57.
5
Let q(m) = -111*m**3 - 3*m**2 - 64*m - 110. Calculate the remainder when q(-2) is divided by 14.
12
Suppose 0 = -2*w - c + 33, w - 4*c - 6 - 15 = 0. Suppose 16*d + 4*f = w*d - 10, -f - 107 = -5*d. What is the remainder when 174 is divided by d?
20
Suppose -45*t + 114 = -44*t. Suppose -123*u + t = -117*u. What is the remainder when 129 is divided by u?
15
Let s(n) = -n**2 + 7*n + 63. Let l be s(-14). Let f = -226 - l. What is the remainder when 9 is divided by f?
4
Suppose 4*z + o = -2*o - 2540, -o = 0. Suppose 8*k + 1039 = 25*k + 8077. Let g = k - z. What is the remainder when g is divided by 16?
13
Let z(h) = -h**3 - 27*h**2 + 26*h - 68. Let c be z(-28). Let i = c + 56. Calculate the remainder when 184 is divided by i.
8
Let k(y) = 2*y**2 - 11*y + 20. Let u be k(3). Suppose f + 48 = u*n, -5*f - 35 + 45 = 0. Calculate the remainder when 96 is divided by n.
6
Suppose -4*a = 4*l - 36, 5*l + a - 39 = 2*a. Suppose -101*y - 16 = -105*y. What is the remainder when (-4)/(-18)*-3*(-282)/y is divided by l?
7
Suppose -35*i + 12 = -31*i. Suppose 5*w + 2 = b, -i*w + 41 = 4*b - 36. Suppose 0 = -b*y + 15*y + 102. Calculate the remainder when y is divided by 13.
12
Let r = -463 - -464. Calculate the remainder when (6/r)/((-4)/304*-4) is divided by 40.
34
Let i be (24/9)/((-8)/(-12)). Let l be 33 + -35 + (2 - 1) + i. Let c(t) = 6*t**2 + t - 1. Calculate the remainder when c(l) is divided by 20.
16
Suppose 0 = 5*d + f + 1, 3*f = -d - 4*d - 3. Suppose d*a - z + 63 = a, 0 = -2*a + 5*z + 154. What is the remainder when a is divided by 17?
16
Suppose 4*g - 6*y = -7*y + 7, 0 = 5*g + y - 9. Let o be g/4 + 996/24. What is the remainder when 45 is divided by o/4 - (-7 